ndreds digit of (12/36)/(1/3768)?
2
Suppose -261 = -21*w + 3288. What is the units digit of w?
9
Let v(g) = -g**3 + 10*g**2 - 11*g + 20. Let b be v(8). Suppose -b = -5*m + 80. What is the units digit of 12/10*70/m?
3
Let l(b) = 645*b - 235. What is the units digit of l(4)?
5
Let a(i) = 65 - 62 - i**2 + 7*i + 0*i**2. Let m be a(7). Suppose 2 = m*u - 19. What is the units digit of u?
7
Let i(j) = j**3 + 34*j**2 - 21*j + 2. What is the units digit of i(-33)?
4
Let a(v) be the third derivative of -v**5/24 - v**3 - 6*v**2. Let g(h) be the first derivative of a(h). What is the units digit of g(-3)?
5
Suppose -50 = -2*j + 2*i, j + 3*i + 0*i = 13. Let o = -24 + j. What is the tens digit of o*(-2 + (-27)/2)?
3
Let b be (-13)/(-1) + -2*1. Let g be 4/26 + 28/(-13). What is the units digit of b + 1 + g + -1?
9
Let d(z) = 9*z - 4. Let h(j) = -j**3 - 10*j**2 - 9*j - 10. Let r be h(-9). Let s = r + 14. What is the tens digit of d(s)?
3
Suppose 828 = 2*h + 7*h. What is the tens digit of h?
9
Suppose 3*d - 670 = -0*d - v, 4*v + 456 = 2*d. What is the tens digit of d?
2
Suppose -3*t + 2*t + 32 = 3*d, 0 = -2*d + 5*t + 10. What is the tens digit of d?
1
Let b(z) = -6*z - 13. Let h(i) = 3*i + 7. Let x(m) = 3*b(m) + 5*h(m). Let o be x(-3). Suppose 0 = -o*v - 20, 5*g + 2*v = 129 + 23. What is the tens digit of g?
3
What is the tens digit of 192 - (-6 + 2 + -1)?
9
Let x = 5704 + -2819. What is the units digit of x?
5
Suppose 0 = u + 7*c - 3*c + 26, 0 = -5*u - c - 206. Let z = -6 - u. What is the units digit of (2 - 1)*(z + 3)?
9
Suppose d - 3*y - 54 = 0, 5*d + 4*y - 147 = 161. What is the tens digit of d?
6
Let x = 1127 - -550. What is the units digit of x?
7
Suppose 4*n - 1246 = -0*n - 2*b, 0 = 2*n + 5*b - 619. What is the hundreds digit of n?
3
Let y = 34 - 31. What is the units digit of 46 - -5 - (1 - y)?
3
Let i = -145 - -162. What is the units digit of i?
7
Let t(i) = i**3 - i. Let p(m) = 39*m**3 + 3*m**2 + 5*m. Let r(o) = -p(o) - 3*t(o). What is the units digit of r(-1)?
1
Let s(l) = 31*l**3 + 3*l**2 - 2*l. Let i be s(2). Suppose 0 = -3*u + 9, -95 = 4*k + 3*u - i. What is the units digit of k?
8
Suppose -5*z - 26 = 2*t, -2*t + z - 8 = -3*z. Let q(n) = 2*n**2 + 6*n + 15. What is the tens digit of q(t)?
9
Suppose w - 3*w + 8 = 0. Let q = -18 - -21. Let f = w + q. What is the units digit of f?
7
Let j(g) = -g**3 + 14*g**2 + 16*g - 13. Let l be j(15). Suppose l*y = 4*r + 146, 5*r + 217 = 3*y + 1. What is the tens digit of y?
6
Suppose -3*y - 2*n = -5*n + 3, -2*n = -y - 4. Suppose 0 = -u - 3*b + 59, -y*u + 6*u = -2*b + 216. What is the tens digit of u?
5
Let b(s) = -s**3 + 6*s**2 - 2*s + 52. What is the tens digit of b(-8)?
6
Let b be (-6)/9 - 6/(-9). Let u(i) = i + 20. Let o be u(b). Let m = o + 7. What is the units digit of m?
7
Suppose u = 235 + 92. Let r = u - 151. What is the tens digit of r?
7
Let h = -25 - -29. Suppose -4 = h*x - 8. What is the units digit of x?
1
Let i = 2143 + -1096. What is the tens digit of i?
4
Let x(z) = -5*z - 9. Let i(f) = 2*f + 4. Let m(n) = -13*i(n) - 6*x(n). What is the tens digit of m(12)?
5
Suppose 10 = 10*i - 0. What is the tens digit of (i*2/(-4))/(5/(-1730))?
7
Let b(i) = -i + 6. Let x be b(3). What is the hundreds digit of ((-1740)/108)/((-1)/x)*3?
1
Suppose 0 = -20*o + 17*o + 8928. What is the tens digit of o?
7
Suppose 3308 = 5*h + k, 0 = -3*h - 2*h - 4*k + 3302. What is the hundreds digit of h?
6
Let h(u) = 2*u**2 - 83*u + 43. What is the units digit of h(57)?
0
Suppose 2*w - 2*q = -q + 16, -3*w + q = -23. Let i be 4 + w/(28/72). Suppose -d = -2*a - 41 - i, -229 = -3*d - 2*a. What is the tens digit of d?
7
Let u = 72 + -70. Suppose -5*w = -2*p - 4*w + 8, u*p - 2*w = 4. What is the units digit of p?
6
Let b(z) = z**3 + 2*z**2 + 2. Let r be b(-2). Suppose m + 20 = -4*d + r*m, 5*d = m - 24. Let g = d + 13. What is the units digit of g?
9
Suppose 0 = -5*d + 125 + 75. Suppose d = 6*z - 2*z. Suppose -22 = -o - z. What is the units digit of o?
2
Suppose -2 = -n - 10. Let m(t) = -14*t - 36. What is the tens digit of m(n)?
7
Let g(x) be the second derivative of -x**5/20 + 5*x**4/4 + x**3/6 - 31*x**2/2 - 12*x. What is the hundreds digit of g(14)?
1
Let n(x) = -3*x + 11 - 9 + 31 + 15. What is the units digit of n(0)?
8
Let k(u) = 5*u**2 - 10*u - 114. What is the tens digit of k(30)?
8
Suppose -3157 = -155*c + 150*c - 3*z, -4*z - 2500 = -4*c. What is the units digit of c?
9
Let q(r) = 11*r - 1. Suppose 3*u = 4*w + 1, 3*w = 2*u + 2 - 3. Let s be q(w). Let i = 36 + s. What is the units digit of i?
4
Suppose 0 = 4*n + 12, -1 = -3*c - n - 7. What is the units digit of 70/25 - c/5?
3
Suppose r - 9384 = -22*r. What is the units digit of r?
8
Suppose -4*b - 9285 + 29149 = -s, -24855 = -5*b - 5*s. What is the thousands digit of b?
4
Let d(s) = 31*s + 516. What is the tens digit of d(24)?
6
Let f(i) = -4*i + 1. Suppose 0 = 2*c + c + 21. Let k = -11 - c. What is the units digit of f(k)?
7
Suppose -3*u + 3*g = -204, 154 = 2*u - 5*g + 27. Suppose -6*s + u = -145. What is the units digit of s?
6
Let q(p) = -6*p**3 - 11*p**2 - 16*p + 2. What is the tens digit of q(-6)?
9
Suppose 0 = 46*a + 37499 - 140309. What is the hundreds digit of a?
2
Suppose -386 = 7*d - 1674. What is the tens digit of d?
8
Let n = 62 + 70. What is the units digit of n?
2
Let s(h) = -4*h - 39. Let q(t) be the third derivative of 5*t**4/24 + 20*t**3/3 - 5*t**2. Let a(v) = -5*q(v) - 6*s(v). What is the tens digit of a(0)?
3
Let v be 16/4 + 3 - 3. Suppose -d - n + 2*n = -6, -v*d + 48 = 4*n. Suppose 0 = d*l - 10*l + 8. What is the units digit of l?
8
Let y(j) = 39*j - 20. Let i = -66 + 69. What is the units digit of y(i)?
7
Let z be (-3956)/(-18) + (-4)/(-18). Let r(w) = -3*w - 16. Let u be r(-7). Suppose 5*x = u*f - z, -3*x + 65 = 2*f - 8. What is the units digit of f?
1
Let f = -108 - -106. What is the hundreds digit of 233/(-2)*f - -3?
2
Suppose v + 718 = 4*l - 2661, -l + 829 = 5*v. What is the tens digit of (-7)/(-35) - l/(-5)?
6
What is the tens digit of 452 - (-1 - 4)*1?
5
Suppose 0 = b - 5*w + 2, -4*b - 5*w - 10 = b. Let h be (-3)/(2 - b/(-4)). Let g(a) = -6*a**3 - 3*a**2 - a + 1. What is the tens digit of g(h)?
3
Let t = 168 + -165. Suppose -t*j = 2*j - 1490. What is the tens digit of j?
9
Let o = -350 - -2967. What is the units digit of o?
7
Suppose -d = -v - 218 + 608, 0 = -v + 4*d + 384. What is the tens digit of v?
9
Suppose 17 = 3*u - 4*p, u - 9 = -0*p - 2*p. Suppose -119 = 4*c - u*c + 5*h, 0 = -h - 4. What is the units digit of c?
3
Suppose 13*f - 9*f - 2683 = 5*q, -4*q - 2012 = -3*f. What is the hundreds digit of f?
6
Let x(b) = -b + 9. Let i be x(7). Suppose -3*w = -3*o + 4*o + 2, 2*w = -i*o + 8. Let y(q) = q**3 - 6*q**2 - 8*q + 10. What is the units digit of y(o)?
3
Suppose 4*g + 14 = 3*x, -6*g + 5*g = 4*x - 6. What is the tens digit of 4 - -14 - (-2 + (6 - x))?
1
Let j(q) = 78*q**2 - q + 2. Let m = 55 + -54. What is the units digit of j(m)?
9
Suppose n - 2*s = -5*s - 99, n = 4*s - 85. Let y = n - -154. What is the units digit of y?
1
Suppose 64*y = 36545 + 169279. What is the thousands digit of y?
3
Let b = 248 + -134. Let t = b - 71. Suppose -l = -3*f + t, 0*f + 5*l = 4*f - 39. What is the units digit of f?
6
Let k(s) = -44*s + s**2 - 37*s + 76*s. What is the tens digit of k(7)?
1
What is the hundreds digit of ((-25)/(-20) - 1/4)*851?
8
Let z(q) = -68*q**3 + q**2 + 2*q - 3. What is the tens digit of z(-2)?
4
Let w(g) = -2*g - 7. Let t be w(-6). Suppose t*z + 0*u + 96 = u, 0 = -4*u - 16. Let i = 26 + z. What is the units digit of i?
6
Let w(q) = -q**2 - 11*q - 8. Let x(m) = m**2 - 4*m - 11. Let k be x(6). Let p = k - 8. What is the tens digit of w(p)?
2
Let d(t) = t**3 - t**2 - 6*t + 887. What is the hundreds digit of d(0)?
8
Suppose 100 - 367 = -3*z. Suppose 0 = 5*c - z - 421. What is the hundreds digit of c?
1
Let y = -147 + 501. What is the tens digit of y?
5
Let g be (12/(-9))/((-12)/27). Suppose 4*t + 80 = 4*i, -g*i + 6 = -4*t - 49. Suppose -47 = -4*m - 5*j, 2*j + i = -3*j. What is the units digit of m?
8
Let b = -210 - -112. Let n = b + 199. What is the units digit of n?
1
Suppose c = 334 + 12. What is the units digit of c?
6
Suppose -5898 - 2682 = -22*q. What is the units digit of q?
0
Let a = -324 + 446. What is the hundreds digit of a?
1
Let q(g) =